9.
11
Calculate the greatest common factor of 4 and 332544.
4
What is the greatest common divisor of 68450 and 75?
25
What is the highest common factor of 330 and 5027?
11
What is the greatest common divisor of 72071 and 13374?
743
What is the highest common factor of 2020 and 22826?
202
Calculate the greatest common divisor of 101 and 898193.
101
What is the greatest common factor of 1994010 and 10?
10
Calculate the highest common factor of 2188 and 24.
4
What is the highest common factor of 42147 and 126?
63
What is the greatest common factor of 4017 and 16789?
103
What is the highest common divisor of 103695 and 92535?
465
Calculate the greatest common divisor of 489204 and 20.
4
What is the greatest common divisor of 697656 and 3444?
492
Calculate the greatest common factor of 195726 and 78.
6
Calculate the greatest common divisor of 316700 and 100.
100
What is the highest common factor of 638 and 159181?
319
What is the highest common divisor of 3887 and 161?
23
Calculate the greatest common divisor of 340800 and 22152.
1704
What is the greatest common factor of 310 and 17267?
31
What is the highest common factor of 1142448 and 16?
16
What is the greatest common divisor of 123 and 339?
3
Calculate the highest common factor of 105393 and 285.
57
Calculate the highest common divisor of 248 and 173445.
31
What is the highest common divisor of 22705 and 6175?
95
Calculate the highest common factor of 225 and 369.
9
What is the greatest common divisor of 90 and 895110?
30
Calculate the greatest common divisor of 198 and 1394052.
66
What is the highest common factor of 15600 and 262275?
975
What is the greatest common divisor of 19708 and 2236?
52
Calculate the highest common divisor of 5712 and 202832.
112
What is the greatest common divisor of 4171 and 1849?
43
Calculate the highest common factor of 2054014 and 764.
382
What is the highest common factor of 438 and 10074?
438
Calculate the highest common divisor of 35777 and 1345.
269
What is the highest common divisor of 472 and 8201?
59
Calculate the highest common divisor of 416610 and 270.
270
What is the highest common factor of 32145 and 735?
15
What is the highest common divisor of 25600 and 97200?
400
What is the greatest common factor of 351112 and 8?
8
Calculate the highest common factor of 76 and 609444.
76
Calculate the highest common divisor of 7284 and 156.
12
What is the greatest common factor of 361332 and 8?
4
What is the greatest common divisor of 75 and 14600?
25
What is the greatest common factor of 2091 and 8007?
51
What is the highest common factor of 6426 and 1088?
34
Calculate the highest common factor of 124 and 3493824.
124
What is the greatest common divisor of 271 and 271?
271
Calculate the greatest common factor of 5288 and 8593.
661
What is the highest common factor of 274 and 21646?
274
What is the highest common divisor of 3984 and 115204?
332
Calculate the greatest common factor of 260 and 118300.
260
What is the highest common factor of 150 and 20150?
50
What is the greatest common divisor of 88 and 228520?
8
What is the greatest common factor of 411293 and 19?
19
What is the highest common factor of 11914 and 1449?
161
Calculate the highest common factor of 270 and 8730.
90
Calculate the highest common factor of 445 and 59986.
89
Calculate the greatest common divisor of 140 and 66920.
140
What is the greatest common factor of 9865 and 435?
5
What is the greatest common factor of 5 and 2941?
1
What is the greatest common factor of 34 and 634321?
17
Calculate the greatest common divisor of 10148 and 5504.
172
Calculate the greatest common divisor of 45 and 1143810.
45
What is the highest common divisor of 13812 and 48?
12
What is the greatest common divisor of 335529 and 99?
9
Calculate the highest common divisor of 384 and 12984.
24
Calculate the greatest common divisor of 16504 and 32.
8
What is the greatest common factor of 184500 and 2624?
164
What is the greatest common divisor of 31831 and 973?
139
What is the greatest common factor of 9 and 1163970?
9
Calculate the highest common factor of 372 and 4044.
12
Calculate the highest common divisor of 33 and 349701.
33
Calculate the highest common divisor of 80275 and 61685.
845
Calculate the highest common factor of 45 and 918135.
45
Calculate the greatest common divisor of 44 and 177914.
22
What is the highest common factor of 12915 and 32431?
287
Calculate the greatest common factor of 3 and 32343.
3
Calculate the highest common divisor of 18078 and 1173.
69
What is the greatest common factor of 19244 and 68?
68
Calculate the highest common divisor of 4588 and 2183.
37
Calculate the highest common divisor of 1027 and 27274.
13
What is the greatest common factor of 24552 and 88?
88
What is the greatest common factor of 434663 and 19?
19
Calculate the highest common divisor of 16298 and 183212.
562
What is the greatest common factor of 2299 and 399?
19
What is the highest common divisor of 68358 and 2?
2
What is the greatest common factor of 45 and 580041?
9
What is the greatest common divisor of 284 and 442756?
284
What is the greatest common divisor of 323190 and 1140?
570
What is the highest common factor of 792 and 222624?
72
What is the greatest common factor of 61093 and 6140?
307
What is the greatest common divisor of 1164613 and 47?
47
What is the highest common divisor of 13 and 1841957?
13
What is the greatest common divisor of 5390 and 44429?
77
Calculate the highest common factor of 11265 and 345.
15
Calculate the highest common divisor of 115885 and 385.
385
What is the greatest common divisor of 57101 and 2864?
179
Calculate the greatest common factor of 25413 and 1773.
591
Calculate the highest common factor of 411306 and 12.
6
What is the greatest common divisor of 7912 and 368?
184
What is the highest common divisor of 10560 and 29520?
240
Calculate the highest common factor of 464 and 1328.
16
Calculate the greatest common divisor of 731 and 15368.
17
Calculate the highest common factor of 17010 and 50750.
70
Calculate the highest common divisor of 38038 and 78.
26
What is the highest common divisor of 483 and 18039?
21
What is the greatest common factor of 121193 and 17?
17
Calculate the highest common factor of 124942 and 1745.
349
Calculate the highest common divisor of 71049 and 132.
33
What is the highest common divisor of 5063 and 2684?
61
What is the greatest common divisor of 7 and 1071?
7
Calculate the greatest common divisor of 3220 and 6448855.
805
Calculate the highest common divisor of 3604073 and 1133.
1133
What is the greatest common factor of 66814 and 2?
2
Calculate the greatest common divisor of 5017 and 319.
29
What is the greatest common divisor of 52 and 707148?
52
Calculate the greatest common divisor of 58280 and 160.
40
Calculate the greatest common divisor of 374 and 640730.
34
What is the greatest common factor of 272 and 8330?
34
What is the highest common factor of 158 and 112891?
79
What is the greatest common divisor of 118515 and 24?
3
Calculate the greatest common divisor of 779 and 21071.
19
What is the highest common factor of 60 and 320260?
20
What is the highest common factor of 44 and 6225538?
22
What is the highest common divisor of 505999 and 26?
13
Calculate the greatest common factor of 37050 and 22650.
150
What is the highest common divisor of 1067372 and 2776?
1388
Calculate the greatest common factor of 1062 and 21771.
531
Calculate the highest common divisor of 36846 and 621.
207
Calculate the greatest common divisor of 7560 and 135.
135
What is the greatest common divisor of 2754 and 157788?
162
What is the greatest common divisor of 147 and 1757?
7
Calculate the highest common divisor of 177130 and 50.
10
Calculate the highest common factor of 1081 and 3979.
23
Calculate the greatest common factor of 400820 and 409.
409
What is the highest common factor of 872 and 2636056?
872
What is the greatest common factor of 51541 and 1184?
37
Calculate the highest common divisor of 14 and 354067.
7
Calculate the greatest common factor of 5204 and 2319683.
1301
What is the greatest common divisor of 1440 and 1305?
45
Calculate the highest common factor of 531 and 5661.
9
What is the greatest common divisor of 230 and 33787?
23
What is the greatest com